e k(l).
-5
Let i(s) = 2*s + 29. Let w be i(-12). Let h(b) be the first derivative of 0*b**2 + 1/3*b**3 - w + 6*b. What is h(0)?
6
Let p(b) be the third derivative of 1/60*b**5 + 20*b**2 - 3/8*b**4 + 0 + 5/6*b**3 + 0*b. Calculate p(7).
-9
Let f = 47 + -45. Let y(r) = -r + 4*r**f - 97 - 5*r**3 + 4*r**3 + 101. Suppose -4*n + 9 = -7. Determine y(n).
0
Let n(o) be the third derivative of o**6/720 + o**5/60 + 5*o**4/6 + 25*o**2. Let h(d) be the second derivative of n(d). What is h(-5)?
-3
Let x(a) = -7*a. Suppose 3*l = -16 - 14. Let r = l - -19. Suppose -3*s - 4*h = r, 3*s - 3*h - 14 = -2*s. What is x(s)?
-7
Let t be 357/918*(-3)/(-7). Let d(n) be the second derivative of 0 + n**2 + 6*n + 1/12*n**4 - t*n**3. Calculate d(-2).
8
Let p(d) = d**2 - d + 2. Let y(l) = -l - 5. Let v = 2 - 7. Let t be y(v). Let s be (-3 + (t - -3))/4. Give p(s).
2
Let v(h) = h**3 - 11*h**2 - 5. Let c(s) = -s**3 - 3*s**2 + 11*s + 16. Let j be c(-5). Give v(j).
-5
Let h(o) = 2*o**2 + o + 2. Let z be (-14 - 4) + 12 - 4*-2. What is h(z)?
12
Let z(p) = 9*p - 16. Let v(j) = 9*j - 12. Let m(t) = -3*v(t) + 2*z(t). What is m(1)?
-5
Let y(o) = 3*o**3 + 2*o - 3. Let z(v) = -9*v**3 - 6*v + 10. Let i(p) = 7*y(p) + 2*z(p). Suppose -t - 4 = -13. Let s(w) = w - 8. Let g be s(t). Determine i(g).
4
Suppose -5*z = -5*g, 2*z - 4*g - g + 9 = 0. Let s(k) = -3*k**2 + 4*k**z + 1 - 3 - 5*k**3. Give s(-3).
-2
Let l(h) = -h**2 + 6*h - 1. Let g be l(5). Suppose g*x + x = -5. Let k(s) = -12*s**2 + 19*s**2 - 1 - 3*s + 2*s. Calculate k(x).
7
Let k(q) = -4*q**2 - 4*q + 16. Let v(l) = 9*l**2 + 9*l - 33. Let p(x) = 7*k(x) + 3*v(x). Give p(-5).
-7
Let u(o) be the first derivative of o**4/4 - 4*o**3 - 7*o**2 + 4*o + 81. Give u(13).
-9
Let k(n) be the second derivative of -n**5/20 - n**4/2 - 5*n**3/6 + 2*n**2 - 39*n. What is k(-4)?
-8
Suppose -r = 2*r - 5*a - 1, 2*r + 3*a - 7 = 0. Let u be r/8 - 20/16. Let z(j) be the third derivative of j**4/4 + j**3/6 - 4*j**2. What is z(u)?
-5
Let d(o) = 29*o**3 - 2*o - 57 + 58 + o - o - 74*o**3. Give d(1).
-46
Let x = -31 + 37. Let s(k) = -k - x*k + 8 - 9 + 2*k**3 - k**3 + 6*k**2. Give s(-7).
-1
Let n(b) = 107*b - 8*b**2 - 51*b + b**3 - 49*b. What is n(7)?
0
Let p = 1 + -1. Suppose -5*b + 3*k + 8 = 0, 2*b - 2*k - 4 = -p*b. Suppose 0 = -2*f + j + b + 2, 5 = 4*f - j. Let y(d) = d. Calculate y(f).
1
Let i(j) = j**2 - 2*j - 2. Let r(d) = d**2 + 5*d - 7. Let c be r(-7). Suppose -c = 4*v - 6*v + 3*o, -4*v + 3 = 5*o. Let p be 6*((-5)/3 + v). What is i(p)?
-2
Suppose 0 = 4*p + 8*s - 7*s + 53, p = s - 17. Let q(c) = c**3 + 14*c**2 + 2*c + 20. Calculate q(p).
-8
Let x = 17 + -13. Suppose -x*b = -n + 4, -b = -3*b - 3*n + 12. Let g(j) = -4 + j**2 + 4*j + 0*j + b. Determine g(-4).
-4
Let v(z) = -11*z**2. Let m = 6 - 23. Let s = -18 - m. What is v(s)?
-11
Let q = 248 + -245. Let n(j) be the second derivative of 1/6*j**q + 0 - 5*j**2 - 8*j. Calculate n(7).
-3
Let y(f) = -24*f + 50*f - f**2 - 15*f + 0 - 4. Determine y(9).
14
Let l(a) = -a**2 - 5*a + 8. Suppose 13*s = -33 - 58. Determine l(s).
-6
Let a(k) = k**3 - 15*k**2 - 16*k - 10. Let u(l) = l**3 - 26*l**2 + 24*l + 41. Let s be u(25). Calculate a(s).
-10
Let f(t) = t**2 + 4*t - 5. Suppose -4*p + 4 + 0 = 0. Let h be (12/(-36))/(p/15). What is f(h)?
0
Let c(t) = t**3 + 7*t**2 + 6*t - 4. Suppose 20 = 4*w, m - 4*w + 11 = -w. Suppose 0 = -m*k - 10 - 18. Let p be -1*k/(14/(-12)). Calculate c(p).
-4
Suppose -5*x + 2*i = 34, -5 = -3*x + i - 25. Let f(u) = u**2 + 4*u - 6. Let h be f(x). Let m(t) = -t. What is m(h)?
-6
Let g be (1 - 2)*18 + 0. Let f = 28 + g. Suppose 4 = -2*j - 4*k, 5*j - k = -2*k - f. Let l(s) = 3*s**2 + 2*s - 1. Determine l(j).
7
Let d be (1 + 4)*(216/(-60) - -4). Let m(j) be the first derivative of 4 + 1/4*j**4 + j**3 - d*j - 1/2*j**2. Determine m(-3).
1
Let l = 279 - 287. Let t(v) = -v**2 - 8*v - 3. Determine t(l).
-3
Let i(f) be the third derivative of f**6/120 - f**5/12 - 5*f**4/24 - f**3/2 + 3*f**2. Let l = -371 + 377. Determine i(l).
3
Let b(d) = d**3 + 5*d**2 - d + 4. Suppose r - 15 + 55 = 4*w, -5*w + 50 = 4*r. Suppose -5*p = -w*p - 25. Calculate b(p).
9
Let m(k) = 7*k + 2. Let j(a) = -20*a - 7. Let l(v) = 2*j(v) + 7*m(v). Let i = 7161 + -7162. Determine l(i).
-9
Let m(j) = j**2 - 5*j - 3. Let u be (5 - 5 - -1)/((-2)/(-10)). Calculate m(u).
-3
Let o be 8/10*30/(-4) + -7. Let x(a) = -a**2 - 10*a + 4. Determine x(o).
-35
Let q(s) = -s. Let p(f) = -4*f - 2. Let o(d) = -p(d) + 5*q(d). Let g(z) = -2*z - 13. Let a be g(-8). Suppose -k - a = 2*c - 1, 4*c + 10 = -5*k. Determine o(c).
2
Let g(l) = -196*l**3 - 24 + 13*l**2 + 197*l**3 - 16*l + 5. Determine g(-14).
9
Let z = 2 - -7. Let i = z - 5. Let w(l) = 5*l - 3*l + i - l**2 + 0*l. Calculate w(3).
1
Let x(c) = 11*c**3 + 2*c**2 + c. Let n(r) = -r**3 + 16*r**2 - 6*r + 29. Let q be n(16). Let t = -68 - q. Determine x(t).
-10
Let d(c) be the third derivative of 11*c**6/120 + c**5/60 - c**4/24 - c**3/6 - 181*c**2. Determine d(-1).
-10
Let g(q) = 19*q - 1 + 17*q - 1 - 35*q. Let l(s) = 3*s - 4. Let i(u) = -9*g(u) + 4*l(u). Determine i(2).
8
Let p(r) be the second derivative of r**3/6 - r**2/2 + 2*r. Suppose -21*g + 80 = 17. Calculate p(g).
2
Let a(s) be the second derivative of -s**4/12 - 7*s**3/6 - s**2/2 - 2*s - 44. Determine a(-5).
9
Let p be 2/4 + 18/4. Suppose 5*o = 2*g + 19 + p, 4*g = -2*o + 24. Let a(z) = -z - 2 - 1162*z**2 - 4 + 2 + 1168*z**2 - z**3. Determine a(o).
-10
Suppose 16*p = 14*p + 4. Let j(v) = -2 + 7*v**3 + 4 - 5*v**p - 2*v + 8*v**2 - 6*v**3. Determine j(-4).
-6
Let x(f) = f**3 + f**2 + 9*f - 2. Let h(k) = -k**2 + k - 1. Let p(o) = -4*h(o) + x(o). Determine p(-4).
-2
Let c(l) = -l**3 + 6*l**2 + 8*l - 4. Let v be (1 + (-4*1)/4)/(-2). Suppose v = -4*o + 20 + 8. Determine c(o).
3
Let u(j) = j**3 - 6*j**2 + 4*j + 2. Let v(w) = -w**3 + 9*w**2 - 6*w - 6. Let l be 128/(-24)*(-3)/2. Let k be v(l). Suppose 9*y - k = 7*y. Calculate u(y).
-3
Suppose 65 = 5*h - 5*g, 3*g = -0*h - h - 7. Suppose 0 = -p + 12 - h. Let y(x) be the first derivative of -x**2/2 + 5*x - 1. What is y(p)?
1
Suppose q - 21 = 38. Suppose -56 + q = -u. Let t(r) = 2 - r**2 + 0*r**2 + 0*r**2 - r. Calculate t(u).
-4
Suppose w + w = 10. Let s(k) = -2*k - 3. Let v(j) = -7*j - 11. Let c(l) = 3*s(l) - v(l). Give c(w).
7
Let w(t) be the third derivative of t**6/120 - t**5/30 + t**4/24 + t**3/2 - 23*t**2. Give w(3).
15
Let n be (-12)/10 - 10/(-50). Let h(y) = -y**2 - y - 1. Let k(t) = -t**3 - 5*t**2 - 2*t + 5. Let z(v) = n*k(v) - h(v). Calculate z(-5).
6
Let g(s) = -11*s + 13*s**2 - 60 - 12*s**2 - 6*s. What is g(20)?
0
Let o(h) = -h**3 - 2*h**2 + 2*h - 4. Let v(x) = -x + 9. Let c be v(-8). Let z = c - 17. Suppose z = 5*q + 9 + 6. Give o(q).
-1
Let o(j) = 13*j + 166. Let f be o(-13). Let g(b) = b**3 + 3*b**2 - b + 2. What is g(f)?
5
Let i(m) = m**3 + 3*m + 957*m**2 + 0*m**3 - 961*m**2. Give i(4).
12
Suppose -27*h + 32*h = 5. Let z(y) = -28*y**2 + 2*y - 1. Give z(h).
-27
Let q(n) = n**3 + 6*n**2 + 4*n - 2. Let x be q(-5). Suppose 5*u = -2*z - 18, -2*z - x*u = 8 + 2. Let w(f) = -12*f + 1. Calculate w(z).
-11
Let t(j) = j**2 + 3*j + 2. Let o be -2 - (-4 - 1) - 2. Suppose -2 = -a - o. Let u = a - 3. What is t(u)?
0
Let j(b) be the third derivative of b**7/5040 - 7*b**6/360 - 2*b**5/15 - 7*b**2. Let g(z) be the third derivative of j(z). Calculate g(6).
-8
Let a(b) = b**3 + 10*b**2 + 10*b - 8. Let x = 1194 - 1203. Determine a(x).
-17
Let f(t) = t**3 - 6*t**2 + t - 2. Suppose 0 = 3*j + j - 160. Let r be -1 - j/60*-1*6. What is f(r)?
-26
Let a(j) = -2*j + 6*j + 0*j - 2 + 5*j**2 - j**3 + 4 + 3*j. What is a(6)?
8
Let h(u) = -2*u - 3*u - 12*u**2 + 13 + 3*u + 13*u**2 - 3*u. What is h(3)?
7
Let d = 11 - 7. Let i(o) = o**3 - 3*o**2 - 3*o - 2. Let c be i(d). Let w(k) = 22*k**2 - k + 2 - 20*k**2 + 9*k**3 - 10*k**3. What is w(c)?
0
Suppose -2*u + 3*u - 5*m = -9, 0 = -3*u + 3*m + 9. Let l(b) = -3*b + 5. What is l(u)?
-13
Let g(o) = -o**3 + o**2 - o + 1. Let f = 13 - 13. Suppose f = -3*d + d - 2. Let i(v) = -5*v**3 + 8*v**2 - 9*v + 6. Let c(j) = d*i(j) + 4*g(j). What is c(4)?
18
Let a(c) = -5 + 6*c - c + 57*c**2 - 1 - 56*c**2. Let v be a(-5). Let k(h) = 2*h + 4. Give k(v).
-8
Let q(d) = -d - 11. Suppose -43*y + 49*y = 0. Calculate q(y).
-11
Let b be (1/(-3))/(3/18). Let d(t) = 6*t**2 - t. Give d(b).
26
Let m(o) = 12*o**2 + 41. Let